 is 75 + -117 + 82 + 9?
49
Evaluate 0 + (-79 + 41 - 21).
-59
Calculate 107 - (-2 - (0 - 9 - (8 - (-31 + 42)))).
103
19 - (-13 - 9) - (110 - 71)
2
What is the value of 29 + -98 - -72 - (4 + (1 - -51))?
-53
What is the value of -245 + 89 + (-8 - -101)?
-63
10 - (3 + -2 + 5) - (27 + -20)
-3
What is the value of (-2 - -7) + (-84 - (54 - 134))?
1
Evaluate (-20 - -61 - (-14 + 21)) + 10 + 0.
44
Calculate 2 + 1 - (-3194 + 3113).
84
What is the value of (-22 + 12 - -21) + (-3 - -4) + -6 - 6?
0
Calculate -4 - 1 - (-1 + -8) - ((-27 - -105) + 46).
-120
What is 19 + (11 + -10 - 5) + -7?
8
What is the value of 17 + (4 - -2) + -3 + 7 + -14?
13
Calculate -42 - (2 + 3 + (7 - 36)).
-18
Calculate -4 + -26 + -35 + 47 + -102.
-120
What is the value of -7 - (7 + (2 - 7) + -14 + -10)?
15
What is 44 + 0 + -26 + 11 + -1?
28
Calculate 7 + -6 + -46 - (-79 - -98).
-64
Calculate (2 - 3 - 23) + 128 + -144 + 12.
-28
What is 5 + -15 + 6 + -20?
-24
What is the value of -2 - -15 - (-129 + 106 - -16)?
20
Evaluate -584 - -582 - (35 - (2 + 4)).
-31
Calculate (-86 - -9) + (80 - 95) + 14 + -1.
-79
17 - (2 + -11 - (-102 + 33)) - -9
-34
Evaluate -2 + 3 + 16 - (-519 + 597).
-61
Calculate (59 - 11) + (8 - -1 - (20 - -1)).
36
7 - (3 + 10 + 13 - -1)
-20
(-69 - 1) + (-1231 - -1247) - -2
-52
Calculate 5 - 26 - (-79 - (-102 - 10)).
-54
What is (0 - -29) + -6 + (-4 - (4 - 4))?
19
What is (18 - -4) + 74 + 7 + 23 - 13?
113
What is the value of -87 + -8 + 18 + 17 - ((6 - -7) + 1)?
-74
Calculate -1 + -14 + -55 + -12 + (-4 - (-8 - 0)).
-78
What is (1665 - 1685) + 2 + (49 - 1)?
30
Calculate -9 + 4 + (-166 - -234).
63
70 + 89 + -170 + 36
25
Calculate (-13 - -12) + (3 - -4) + (68 - 55).
19
What is (-18 - -8 - -3 - (8 - (7 + 3))) + 35?
30
0 + (-28 + 1 + -7 + 15 - -8)
-11
Evaluate 1972 + -1978 - (75 - ((1 + -3 - 3) + 3)).
-83
Calculate 120 + (-67 - 80) + 127.
100
What is -1783 + 1848 + (27 - 1)?
91
Calculate (62 - 197) + 0 + 33.
-102
Evaluate (-4 + -8 - (-13 + 11)) + 36.
26
Evaluate (23 - (-39 - -28)) + -46.
-12
What is the value of 520 + -554 + (-1 - 4 - -2) + -12?
-49
33 - ((2 - (-16 - -8) - 10) + -2)
35
What is the value of (2 - -86) + -4 + (366 + -397 - (0 + -22))?
75
Evaluate 2115 - 2182 - (-127 - -3).
57
Evaluate 2 - 25 - (-42 + (-15 - 20)).
54
-59 - (6 - (27 + (-12 - 21)))
-71
What is the value of 255 + -277 - (-5 + -6 - -29)?
-40
Calculate (-26 - -7 - -14) + 4 - (-1 + 13).
-13
What is the value of -32 - (-18 - (-17 - -22)) - -38?
29
What is the value of -80 + (0 - (12 + 16 + (20 - 37)))?
-91
What is -11 - (1 + -4) - (-33 + (21 - -23))?
-19
What is the value of (3 - 15) + 5 + (-80 - (8 - -2))?
-97
Calculate 6 + (3 - -10) - (2 + (-9 - -8) - -3).
15
(11 - 87) + 325 + -362
-113
Evaluate (-13 + -14 + 14 - (-7 + -5)) + -6.
-7
Calculate 28 + 50 + -57 + (-56 - 0).
-35
50 - (17 - (-1 + 2 + -13 - -23))
44
What is 13 - (16 - -133 - 56 - (-7 - 0))?
-87
-6 - (15 + -41 + 24) - (16 - -1)
-21
Calculate 52 + -37 + -24 + (6 + -1 - 1).
-5
What is the value of (2 - 7) + (-3 - (-3 + 6)) + -1?
-12
Calculate 61 - (143 + -34) - -100.
52
8 + -69 - -30 - -55
24
What is the value of 1 + 0 - -49 - (-8 + 23 + (-9 - 12))?
56
What is the value of (4133 - 4123) + (-2 - 95 - 1) + (1 - -1)?
-86
What is the value of 68 + -128 + -93 - -121?
-32
What is the value of -3 + 3 + 123 - (15 + 0 + -4 + -1)?
113
Evaluate -2 + -23 + -6 - (-31 + 144).
-144
Calculate (6 - 4 - 3) + (-5 - -14 - 0 - 5).
3
Evaluate 13 - ((-62 - -38) + (-5 - -29)).
13
Evaluate 2 + -173 + -10 + (-9 - -54).
-136
Evaluate -60 - (-4 - (117 + 12)).
73
Evaluate (-55 - 1) + (55 - 52) + -11 + (8 - -1).
-55
Evaluate -10 + ((-7 - 1) + 18 + 34 - -1) + 7.
42
Calculate (0 - 0 - 28) + (98 - (13 + 101)).
-44
Calculate -1 + (11 - (27 - -1) - 7) + 4 + 7.
-14
Calculate (121 - 111) + (-3 + 2 - 2) - -17 - 0.
24
What is the value of -6 + -48 + 24 + 41?
11
What is the value of -41 - (9 + 38 + -66) - -60?
38
Calculate 12 - -1 - (-21 + (27 - 34) - -29).
12
Evaluate 176 + (51 - (212 + -39)).
54
Evaluate 15 - (47 - (-41 + -21)).
-94
What is the value of 27 + -49 - -1 - 7 - 11?
-39
70 + 46 + (-29 - 73)
14
What is 125 - (-36 - (18 - 98))?
81
What is the value of ((-2 - -13) + -14 - (16 + -10)) + -2 + -56?
-67
Evaluate (38 + -1 - (-827 - -862)) + 11.
13
Evaluate (-2 - -7 - (0 + 5)) + (-2 - (-10 - 4)).
12
Calculate 61 - (21 + 247 + -89).
-118
Calculate (-4 + 17 - (3 + 5) - -14) + -7 + -75.
-63
What is 1 + (-15 - 2) - -5 - (-684 - -587)?
86
What is the value of 41 + 55 + -14 + -37?
45
Calculate (360 - 334) + (56 - 5 - -7).
84
Calculate (13 - -1) + -1 + (0 - -1) + -5941 + 5921.
-6
(-4 - -131) + -3 + 1 + 0 + (124 - 130)
119
Evaluate (-41 - -50) + -189 + 90.
-90
What is 3 + (2 + 37 - 10 - 12)?
20
What is the value of -24 - (41 + -112 - -15)?
32
-18 - ((-35 - 23) + 19 - -8)
13
Calculate -141 - (-92 + -3 + 38).
-84
What is -25 + (4 - (44 - 33))?
-32
Evaluate -10 - ((13 - 128) + 44 + -5).
66
Calculate -15 + (0 - 14 - -3) + 3 + (147 - -7).
131
What is the value of 39 + 176 + -60 - 83?
72
What is 2 + 2 + 22 - (293 - 295)?
28
-18 + 33 + -10 + 7 - 51
-39
Calculate -11 - -1 - (67 - (15 + (-2 - 44) + 13)).
-95
What is the value of -1 + 0 + (17 - 47 - -2)?
-29
Evaluate -2 - -27 - (91 + -79 - -31).
-18
Calculate 1 + -9 + (416 - 386).
22
Calculate ((14 - (10 - 20)) + -4 - 10) + 8.
18
What is the value of 70 - 2 - (-5 - (-276 + 297 + 0 + -33))?
61
Evaluate -4006 + 3920 + -2 + 42.
-46
(-67 - (-6 + -1) - (-1 - -2)) + -3
-64
6 + (-47 + 8 - -6)
-27
(-141 - (85 - 114)) + 77
-35
What is 13 + (158 - (42 + -33)) - 38?
124
What is (2 + -7 - -7) + (-8 - 1) + -1554 + 1602?
41
Calculate (22 - (-7 + 0)) + (-111 + 125 - (4 + 2)).
37
What is the value of (-5 - -1 - -3) + (14 + 2 - 6) + 37?
46
Calculate -27 + 19 + 0 + -8 + 86 + -54.
16
Evaluate (1 - 25) + -70 + (-6 - -162).
62
What is the value of 75 + -79 + 7 + 19 + (-2 - -71)?
91
Evaluate 7 - (3 + 2 + -1 - (-1205 - -1193)).
-9
-21 + -9 + (-10 + 13 - 9)
-36
Evaluate -38 - (30 - (-79 - -96)).
-51
What is the value of 5 + -3 + 48 - (-5 - -22 - (27 + -11))?
49
What is the value of -767 - -799 - ((2 - 1) + -2 + -2)?
35
What is the value of 152 - (36 + (116 - 114))?
114
(10 - 0) + 140 + (108 - 229)
29
What is -26 - -14 - 44 - -29?
-27
60 + (-81 - -32 - -48)
59
What is the value of -1 - -19 - (316 - 291) - -39?
32
Calculate -17 + -19 - 56 - 38 - -40.
-90
Evaluate -1 + -5 + -935 + 955 - -40.
54
What is the value of 19 + -2 - (2124 + -2134)?
27
Calculate (4 - -78 - 18) + -21.
43
What is the value of 0 - 3 - (-84 - -200 - 98)?
-21
7 + (28 + 41 - 78) + 17 + 1
16
What is (-3 + -2 + 3 - (-281 + 238)) + -14?
27
What is the value of -65 + -77 + (81 - 17) + (1 - 1)?
-78
What is the value of -2 - -37 - (-141 + (14 - -80))?
82
What is the value of 41 + 16 + 7 + -19 + -28?
17
(9 - (20 + -16) - (-1 - -32)) + (46 - 56)
-36
(95 + -184 - -38) + 55
4
Calculate (2 - -44) + (6 - -5) + -5.
52
Evaluate (44 - (40 - (-7 - -10))) + 0 + 87.
94
What is the value of 51 - (-29 - -123 - 56)?
13
What is the value of (36 + -3 - (12 + -15)) + 52?
88
What is the value of 0 + 2 + -31 + (-34 - -41)?
-22
What is 31 + (-118 - -59 - -15)?
-13
Evaluate -63 + (1005 + -995 - (-2 + 7 + (3 - 6))).
-55
What is the value of (90 - 1) + 134 + 16 + -141?
98
Evaluate (7 + 12 + -14 - (8 + -3 + -69)) + -3.
66
2 + 75 - (8129 + -8129)
77
Calculate 2702 + -2686 - (-1 + 0 - 15) - (-6 + 13).
25
Evaluate (-85 - (21 - (59 - 25))) + 27.
-45
What is the value of 32 + -3 - (-4454 + 4587)?
-104
Evaluate (-44 - -83 - 93) + 76.
22
Calculate (-18 - -118) + -43 + -18.
39
Evaluate -13 + -3 - (-31 - (8 + -13 - -11)).
21
Evaluate -5 + (-56 - 4) - (-536 + 544).
-73
Calculate -110 + 163 + 78 + -95.
36
What is the value of 7 - (6 + 53 + 19 + -23)?
-48
Evaluate -75 - -67 - (-65 + 2).
55
Calculate 56 - (9 - (-108 - -45)).
-16
What is -48 + 69 - -27 - 10?
38
Evaluate 33 - (-1 - -3 - -18) - -2.
15
Calculate (61 - 18) + -686 + 617.
-26
-7 + (-1 - 0) + 33 + (-18 - (-29 - -40))
-4
What is the value of -18 + (64 - 9) - (-2 - (3 + -13))?
29
11 + -18 + (-9 - 3 - 23)
-42
What is 62 - 37 - 76 - -107?
56
What is 26 - 2 - (1060 + -995)?
-41
Calculate -8 + 45 + (42 - 92) + 1 + -8.
-20
What is -60 + 0 + -230 + 246?
-44
Calculate 55 + -24 - 22 - (3 + 5).
1
Evaluate 98 + (3 - -1 - (-17 - (9 + 11 - 33))).
106
Calculate 79 - (-4 + 54 + -30 + 3 + -20).
76
What is t